(d) = d**3 - 28*d**2 + 122*d - 49. Calculate t(14).
-1085
Let c(j) = -15370*j - 109114. What is c(-7)?
-1524
Let n(q) = 6*q**2 + 269*q - 3202. Determine n(15).
2183
Let z(o) = -93*o + 9569. Determine z(105).
-196
Let t(p) = -p**3 - 20*p**2 + 2534*p - 4364. Determine t(-62).
-24
Let a(n) = 2*n**2 + 13865*n + 235129. What is a(-17)?
2
Let w(j) = -8*j**3 - 90*j**2 - 144*j + 194. Give w(-8).
-318
Let g(f) = 7943*f - 87375. Determine g(11).
-2
Let r(l) = -17*l**2 - 150*l + 834. Give r(6).
-678
Let c(r) = -3*r**2 - 239*r - 4333. Calculate c(-52).
-17
Let g(m) = -2*m**3 - 51*m**2 - 40*m - 597. Give g(-23).
-2322
Let y(w) = w**3 + 58*w**2 - 145*w - 12. Calculate y(0).
-12
Let c(v) = 3149*v + 299228. What is c(-95)?
73
Let q(n) = -n**2 + 4230*n + 580237. What is q(-133)?
-42
Let w(l) = -2893*l + 5810. Give w(2).
24
Let i(o) = -o**3 - 96*o**2 + 133*o + 3896. Calculate i(-97).
404
Let m(r) = -3*r**3 - 180*r**2 + 157*r + 1216. Give m(-61).
2802
Let z(y) = -3*y + 303. Give z(35).
198
Let u(d) = 1908801*d + 36267219. Determine u(-19).
0
Let r(k) = k**3 + 53*k**2 + 706*k + 452. Give r(-30).
-28
Let v(x) = -x**3 - 110*x**2 - 3020*x - 570. What is v(-51)?
-9
Let y(w) = -2*w**2 - 56*w - 370. What is y(-8)?
-50
Let v(x) = -4*x**2 + 144*x + 642. What is v(40)?
2
Let z(x) = x**3 - 34*x**2 + 106*x + 251. What is z(29)?
-880
Let g(i) = -67*i + 282. Calculate g(12).
-522
Let c(q) = -1216*q - 18939. What is c(-16)?
517
Let b(l) = -l**2 + 1256*l - 149443. Give b(133).
-84
Let r(u) = u**3 + 20*u**2 + 331*u + 6624. What is r(-20)?
4
Let t(a) = -382*a**3 + 9*a**2 + 7*a. What is t(-1)?
384
Let j(r) = -9*r**2 + 203*r + 1194. What is j(-6)?
-348
Let t(v) = -2580*v + 227332. Calculate t(88).
292
Let i(v) = -31*v**2 + 4765*v + 4763. Give i(-1).
-33
Let v(m) = 73*m - 969. Determine v(42).
2097
Let f(u) = -31351*u + 2163265. Determine f(69).
46
Let r(d) = -181206*d + 1630920. Give r(9).
66
Let n(y) = 49*y**3 + 276*y**2 + 6*y - 15. Give n(-5).
730
Let a(j) = -j**3 + 30*j**2 + 405*j + 23. Calculate a(40).
223
Let b(g) = 3*g**2 + 1493*g + 65961. Calculate b(-49).
7
Let d(u) = 8*u**3 - 147*u**2 + 57*u - 36. Give d(18).
18
Let z(x) = -62423*x - 1935113. What is z(-31)?
0
Let k(j) = -j**3 - 10*j**2 + 141*j - 1935. Give k(-21).
-45
Let t(i) = 900*i + 8698. What is t(-9)?
598
Let g(q) = q**3 - 143*q**2 - 62*q - 33011. What is g(145)?
49
Let i(n) = -n**3 - 38*n**2 - 323*n - 1223. Give i(-28).
-19
Let a(d) = -3*d**2 - 737*d - 6542. Give a(-9).
-152
Let t(q) = -q**3 - 115*q**2 + 273*q + 25798. Determine t(-116).
7586
Let x(k) = 651*k + 2234. Determine x(-3).
281
Let h(j) = -575*j + 3903. Give h(7).
-122
Let z(h) = h**3 - 42*h**2 - 6*h - 148. Calculate z(43).
1443
Let z(f) = -f**3 + 27*f**2 + 2121*f - 50903. Give z(23).
-4
Let w(z) = 58072*z - 871092. What is w(15)?
-12
Let q(x) = -x**2 - 20984*x + 146930. What is q(7)?
-7
Let u(r) = -r**2 + 14*r + 510. Give u(-20).
-170
Let t(x) = 44*x**2 - 848*x + 3242. Determine t(14).
-6
Let a(v) = -11*v**2 + 357*v - 1126. What is a(10)?
1344
Let l(y) = -3*y**3 + 2*y**2 + 26*y + 175. Calculate l(-6).
739
Let g(t) = 21220*t - 1867361. What is g(88)?
-1
Let v(r) = 5745*r - 1666073. Calculate v(290).
-23
Let k(q) = -25250*q - 1363500. What is k(-54)?
0
Let p(u) = 38566*u + 1311269. Determine p(-34).
25
Let i(h) = -3183*h - 1858862. Calculate i(-584).
10
Let p(j) = 11*j**2 + 5622*j - 95518. Give p(17).
3235
Let w(s) = s**2 - 82*s + 1450. What is w(55)?
-35
Let d(y) = 6*y**3 - 244*y**2 - 88*y + 38. What is d(41)?
-208
Let t(l) = -11*l**3 + 4170*l**2 - 4540*l + 1516. Give t(378).
4
Let o(y) = 22*y + 2034. Calculate o(46).
3046
Let x(z) = -21307*z + 106532. What is x(5)?
-3
Let k(p) = -2*p**3 + 108*p**2 - 722*p - 893. Calculate k(46).
-249
Let u(t) = -t**2 - 361*t + 86692. Calculate u(165).
-98
Let y(s) = -2*s**3 + 48*s**2 + 208*s - 90. What is y(25)?
3860
Let t(k) = k**3 - 64*k**2 - 131*k + 8386. Determine t(64).
2
Let p(n) = -n**3 - 47*n**2 - 486*n + 18. Give p(-16).
-142
Let p(g) = -2*g**2 - 254*g - 6969. What is p(-87)?
-9
Let t(x) = 58*x**2 + 6071*x + 32563. Give t(-99).
-8
Let w(y) = y**3 + 6*y**2 - 143*y + 397. Calculate w(-16).
125
Let c(i) = 539*i**2 + 7*i - 1. What is c(-1)?
531
Let h(b) = -82*b**2 - 1144*b + 16. Give h(-14).
-40
Let d(y) = 2431211*y - 65642692. Calculate d(27).
5
Let c(s) = 222*s**2 - 15769*s - 144. What is c(71)?
-641
Let a(y) = -179*y**2 + 1543*y - 2. What is a(6)?
2812
Let q(h) = -3694416*h + 29555322. Calculate q(8).
-6
Let z(u) = 2*u**3 - 14*u**2 + 7929*u - 55498. What is z(7)?
5
Let x(i) = -521*i**3 - 3*i**2 + 4*i + 7. What is x(-1)?
521
Let i(p) = 22*p**2 + 86*p + 863. Determine i(-9).
1871
Let i(n) = 3*n**3 - 508*n**2 - 2402*n - 5923. Give i(174).
-7
Let n(w) = 3*w**2 + 307*w - 17441. Give n(-143).
5
Let b(y) = 18*y**3 + 1566*y**2 - 32*y - 2796. Calculate b(-87).
-12
Let k(o) = 1954*o + 402547. Calculate k(-206).
23
Let u(y) = 2*y**2 + 1375*y + 31175. Calculate u(-23).
608
Let g(s) = 4*s**2 + 995*s - 1410. What is g(-250)?
-160
Let v(m) = -m**3 - 278*m**2 + 1696*m - 2112. What is v(-284)?
160
Let f(m) = 3*m**2 + 725*m - 22909. Give f(-270).
41
Let a(s) = 2879*s + 14389. What is a(-5)?
-6
Let j(p) = -16089*p - 225323. What is j(-14)?
-77
Let j(w) = -w**3 + 23*w**2 + 1822*w - 881. What is j(-33)?
-23
Let l(x) = -552*x**3 - 21*x - 19. Determine l(-1).
554
Let o(u) = u**2 - 8243*u - 206640. Calculate o(-25).
60
Let l(p) = 1407*p**3 + 142106*p**2 - 82*p + 1884. Give l(-101).
-35
Let r(d) = d**3 + 117*d**2 + 2293*d - 171. Determine r(-25).
4
Let n(t) = 8017*t + 456969. What is n(-57)?
0
Let l(p) = -p**3 - 39*p**2 + 75*p - 938. What is l(-40)?
-2338
Let r(w) = w**3 + 47*w**2 - 425*w - 20130. What is r(-47)?
-155
Let p(x) = 103*x + 4858. Calculate p(-48).
-86
Let r(s) = 1009*s - 212907. Calculate r(211).
-8
Let a(k) = 2*k**2 - 11096*k + 66481. Give a(6).
-23
Let c(p) = -2160*p - 213838. Determine c(-99).
2
Let i(m) = 2*m**2 + 263*m + 7437. Calculate i(-89).
-128
Let n(r) = 120*r + 79. Calculate n(-4).
-401
Let y(n) = -140*n**3 + 66*n**2 - 82*n + 16. Determine y(1).
-140
Let n(v) = -2*v**3 + 27*v**2 + 25*v - 323. Determine n(11).
557
Let z(m) = -5943*m - 219937. What is z(-37)?
-46
Let j(m) = -m**3 - 10*m**2 + 1094*m + 9946. Calculate j(-9).
19
Let g(a) = -954*a + 4765. What is g(6)?
-959
Let z(y) = -13*y**2 - 610*y - 2045. Determine z(-41).
1112
Let s(v) = -v**3 + v**2 - 42*v - 2449. Give s(-12).
-73
Let o(f) = 136131*f + 952510. What is o(-7)?
-407
Let u(t) = -2*t**3 + 50*t**2 - 149*t - 1515. Give u(19).
-14
Let r(p) = -18800*p + 883594. What is r(47)?
-6
Let h(d) = -2*d**3 - 50*d**2 - 157*d + 189. Calculate h(-21).
-42
Let m(r) = -2520*r + 1164247. Give m(462).
7
Let t(r) = -139*r - 919. Calculate t(-6).
-85
Let t(c) = 174*c - 10546. Give t(61).
68
Let f(h) = -298*h**3 - 2*h**2 - 193*h - 388. What is f(-2)?
2374
Let u(o) = o**3 - 317*o**2 - 173347*o - 611. Give u(604).
-7
Let c(k) = -316909*k - 6972019. What is c(-22)?
-21
Let w(v) = -36*v**3 - 2845*v**2 - 69*v + 804. What is w(-79)?
14
Let l(g) = -57*g**2 - 348*g + 3158. Calculate l(5).
-7
Let k(n) = 1645*n - 169463. What is k(103)?
-28
Let x(z) = 3*z**2 + 15044*z - 1067763. What is x(70)?
17
Let j(p) = -p**3 + 83*p**2 + 117*p - 22608. Determine j(81).
-9
Let l(y) = y**3 + 52*y**2 + 89*y - 690. Calculate l(-50).
-140
Let i(d) = -556357*d + 1112710. Calculate i(2).
-4
Let f(p) = p**2 + 525*p - 5350. Give f(10).
0
Let o(i) = -678*i + 63094. Calculate o(93).
40
Let g(h) = h**2 + 828*h + 20594. Determine g(-25).
519
Let z(g) = 8814*g - 35256. Give z(4).
0
Let c(p) = p**2 + 893*p + 8841. Give c(-10).
11
Let q(g) = 245030*g + 735105. Calculate q(-3).
15
Let z(s) = -s**3 + 13*s**2 + 56*s + 313. Determine z(17).
109
Let u(m) = -24831*m + 347768. Determine u(14).
134
Let t(u) = -29592*u - 1745918. Determine t(-59).
10
Let z(p) = p**3 - 19*p**2 - 648*p + 11773. Give z(19).
-539
Let n(c) = 635*c - 55222. What is n(87)?
23
Let d(x) = x**2 + 117*x - 745. Calculate d(6).
-7
Let i(t) = -493*t - 8713. Calculate i(-17).
-332
Let p(m) = 5005*m + 10057. Calculate p(-2).
47
Let u(b) = 13057*b - 169942. Give u(13).
-201
Let d(n) = -142*n**3 - 4*n**2 - 28*n + 140. What is d(3)?
-3814
Let a(v) = -271011*v + 1084038. Determine a(4).
-6
Let w(z) = -527*z - 2343. What is w(-5)?
292
Let a(n) = 112*n**